{"id":146,"date":"2024-05-08T14:00:14","date_gmt":"2024-05-08T18:00:14","guid":{"rendered":"https:\/\/naturhaie.ca\/index.php\/contact\/"},"modified":"2025-05-18T08:56:41","modified_gmt":"2025-05-18T12:56:41","slug":"contact","status":"publish","type":"page","link":"https:\/\/naturhaie.ca\/index.php\/contact\/","title":{"rendered":"CONTACT"},"content":{"rendered":"\t\t<div data-elementor-type=\"wp-page\" data-elementor-id=\"146\" class=\"elementor elementor-146\" data-elementor-post-type=\"page\">\n\t\t\t\t<div class=\"elementor-element elementor-element-372e1715 e-flex e-con-boxed e-con e-parent\" data-id=\"372e1715\" data-element_type=\"container\" data-e-type=\"container\" data-settings=\"{&quot;background_background&quot;:&quot;classic&quot;}\">\n\t\t\t\t\t<div class=\"e-con-inner\">\n\t\t\t\t<div class=\"elementor-element elementor-element-3d9fb3a5 elementor-widget elementor-widget-heading\" data-id=\"3d9fb3a5\" data-element_type=\"widget\" data-e-type=\"widget\" data-widget_type=\"heading.default\">\n\t\t\t\t<div class=\"elementor-widget-container\">\n\t\t\t\t\t<h1 class=\"elementor-heading-title elementor-size-default\">Contactez-nous pour une soumission gratuite.<\/h1>\t\t\t\t<\/div>\n\t\t\t\t<\/div>\n\t\t\t\t<div class=\"elementor-element elementor-element-6d4bfbd2 elementor-widget__width-inherit elementor-widget-divider--view-line elementor-widget elementor-widget-divider\" data-id=\"6d4bfbd2\" data-element_type=\"widget\" data-e-type=\"widget\" data-widget_type=\"divider.default\">\n\t\t\t\t<div class=\"elementor-widget-container\">\n\t\t\t\t\t\t\t<div class=\"elementor-divider\">\n\t\t\t<span class=\"elementor-divider-separator\">\n\t\t\t\t\t\t<\/span>\n\t\t<\/div>\n\t\t\t\t\t\t<\/div>\n\t\t\t\t<\/div>\n\t\t\t\t<div class=\"elementor-element elementor-element-1705702f elementor-align-center elementor-icon-list--layout-traditional elementor-list-item-link-full_width elementor-widget elementor-widget-icon-list\" data-id=\"1705702f\" data-element_type=\"widget\" data-e-type=\"widget\" data-widget_type=\"icon-list.default\">\n\t\t\t\t<div class=\"elementor-widget-container\">\n\t\t\t\t\t\t\t<ul class=\"elementor-icon-list-items\">\n\t\t\t\t\t\t\t<li class=\"elementor-icon-list-item\">\n\t\t\t\t\t\t\t\t\t\t\t<a href=\"tel:5144436403\">\n\n\t\t\t\t\t\t\t\t\t\t\t<span class=\"elementor-icon-list-text\">(514) 443-6403<\/span>\n\t\t\t\t\t\t\t\t\t\t\t<\/a>\n\t\t\t\t\t\t\t\t\t<\/li>\n\t\t\t\t\t\t\t\t<li class=\"elementor-icon-list-item\">\n\t\t\t\t\t\t\t\t\t\t\t<a href=\"mailto:info@naturhaie.ca\">\n\n\t\t\t\t\t\t\t\t\t\t\t<span class=\"elementor-icon-list-text\">INFO@NATURHAIE.CA<\/span>\n\t\t\t\t\t\t\t\t\t\t\t<\/a>\n\t\t\t\t\t\t\t\t\t<\/li>\n\t\t\t\t\t\t<\/ul>\n\t\t\t\t\t\t<\/div>\n\t\t\t\t<\/div>\n\t\t\t\t\t<\/div>\n\t\t\t\t<\/div>\n\t\t<div class=\"elementor-element elementor-element-3b1621c0 e-flex e-con-boxed e-con e-parent\" data-id=\"3b1621c0\" data-element_type=\"container\" data-e-type=\"container\">\n\t\t\t\t\t<div class=\"e-con-inner\">\n\t\t\t\t<div class=\"elementor-element elementor-element-135c3b23 elementor-widget elementor-widget-text-editor\" data-id=\"135c3b23\" data-element_type=\"widget\" data-e-type=\"widget\" data-widget_type=\"text-editor.default\">\n\t\t\t\t<div class=\"elementor-widget-container\">\n\t\t\t\t\t\t\t\t\t<p>Vous recherchez un service professionnel de taille de haies de c\u00e8dre sur la Rive-Sud de Montr\u00e9al, Mont\u00e9r\u00e9gie ?<\/p><p>Chez Naturhaie, nous sommes sp\u00e9cialis\u00e9s dans la taille de haies de c\u00e8dre r\u00e9sidentiel et commercial.<\/p><p>Que vous soyez \u00e0 Longueuil, Boucherville, Beloeil ou ailleurs sur la Rive-Sud, contactez-nous pour une soumission gratuite ou des conseils personnalis\u00e9s.<\/p><p>Redonnez forme et densit\u00e9 \u00e0 votre haie de c\u00e8dre avec un service rapide, soign\u00e9 et local.<\/p><p>\u00a0<\/p><p><span class=\"Y2IQFc\" lang=\"fr\">Veuillez remplir le formulaire ci-dessous et nous vous contacterons dans les plus brefs d\u00e9lais<\/span><\/p>\t\t\t\t\t\t\t\t<\/div>\n\t\t\t\t<\/div>\n\t\t\t\t<div class=\"elementor-element elementor-element-79506054 elementor-button-align-center elementor-widget elementor-widget-form\" data-id=\"79506054\" data-element_type=\"widget\" data-e-type=\"widget\" data-settings=\"{&quot;step_next_label&quot;:&quot;Suivant&quot;,&quot;step_previous_label&quot;:&quot;Pr\\u00e9c\\u00e9dent&quot;,&quot;button_width&quot;:&quot;100&quot;,&quot;step_type&quot;:&quot;number_text&quot;,&quot;step_icon_shape&quot;:&quot;circle&quot;}\" data-widget_type=\"form.default\">\n\t\t\t\t<div class=\"elementor-widget-container\">\n\t\t\t\t\t\t\t<form class=\"elementor-form\" method=\"post\" name=\"Contact Form\" aria-label=\"Contact Form\">\n\t\t\t<input type=\"hidden\" name=\"post_id\" value=\"146\"\/>\n\t\t\t<input type=\"hidden\" name=\"form_id\" value=\"79506054\"\/>\n\t\t\t<input type=\"hidden\" name=\"referer_title\" value=\"CONTACT - NaturHaie\" \/>\n\n\t\t\t\t\t\t\t<input type=\"hidden\" name=\"queried_id\" value=\"146\"\/>\n\t\t\t\n\t\t\t<div class=\"elementor-form-fields-wrapper elementor-labels-\">\n\t\t\t\t\t\t\t\t<div class=\"elementor-field-type-text elementor-field-group elementor-column elementor-field-group-name elementor-col-50\">\n\t\t\t\t\t\t\t\t\t\t\t\t<label for=\"form-field-name\" class=\"elementor-field-label elementor-screen-only\">\n\t\t\t\t\t\t\t\tNom\t\t\t\t\t\t\t<\/label>\n\t\t\t\t\t\t\t\t\t\t\t\t\t\t<input size=\"1\" type=\"text\" name=\"form_fields[name]\" id=\"form-field-name\" class=\"elementor-field elementor-size-sm  elementor-field-textual\" placeholder=\"Votre Nom\">\n\t\t\t\t\t\t\t\t\t\t\t<\/div>\n\t\t\t\t\t\t\t\t<div class=\"elementor-field-type-email elementor-field-group elementor-column elementor-field-group-email elementor-col-50 elementor-field-required\">\n\t\t\t\t\t\t\t\t\t\t\t\t<label for=\"form-field-email\" class=\"elementor-field-label elementor-screen-only\">\n\t\t\t\t\t\t\t\tCourriel\t\t\t\t\t\t\t<\/label>\n\t\t\t\t\t\t\t\t\t\t\t\t\t\t<input size=\"1\" type=\"email\" name=\"form_fields[email]\" id=\"form-field-email\" class=\"elementor-field elementor-size-sm  elementor-field-textual\" placeholder=\"Courriel\" required=\"required\">\n\t\t\t\t\t\t\t\t\t\t\t<\/div>\n\t\t\t\t\t\t\t\t<div class=\"elementor-field-type-tel elementor-field-group elementor-column elementor-field-group-field_6c180a9 elementor-col-50 elementor-field-required\">\n\t\t\t\t\t\t\t\t\t\t\t\t<label for=\"form-field-field_6c180a9\" class=\"elementor-field-label elementor-screen-only\">\n\t\t\t\t\t\t\t\tTelephone\t\t\t\t\t\t\t<\/label>\n\t\t\t\t\t\t\t\t<input size=\"1\" type=\"tel\" name=\"form_fields[field_6c180a9]\" id=\"form-field-field_6c180a9\" class=\"elementor-field elementor-size-sm  elementor-field-textual\" placeholder=\"T\u00e9l\u00e9phone\" required=\"required\" pattern=\"[0-9()#&amp;+*-=.]+\" title=\"Seuls les caract\u00e8res de num\u00e9ros de t\u00e9l\u00e9phone (#, -, *, etc.) sont accept\u00e9s.\">\n\n\t\t\t\t\t\t<\/div>\n\t\t\t\t\t\t\t\t<div class=\"elementor-field-type-text elementor-field-group elementor-column elementor-field-group-field_b743cd7 elementor-col-50 elementor-field-required\">\n\t\t\t\t\t\t\t\t\t\t\t\t<label for=\"form-field-field_b743cd7\" class=\"elementor-field-label elementor-screen-only\">\n\t\t\t\t\t\t\t\tService\t\t\t\t\t\t\t<\/label>\n\t\t\t\t\t\t\t\t\t\t\t\t\t\t<input size=\"1\" type=\"text\" name=\"form_fields[field_b743cd7]\" id=\"form-field-field_b743cd7\" class=\"elementor-field elementor-size-sm  elementor-field-textual\" placeholder=\"Service \" required=\"required\">\n\t\t\t\t\t\t\t\t\t\t\t<\/div>\n\t\t\t\t\t\t\t\t<div class=\"elementor-field-type-textarea elementor-field-group elementor-column elementor-field-group-message elementor-col-100\">\n\t\t\t\t\t\t\t\t\t\t\t\t<label for=\"form-field-message\" class=\"elementor-field-label elementor-screen-only\">\n\t\t\t\t\t\t\t\tMessage\t\t\t\t\t\t\t<\/label>\n\t\t\t\t\t\t<textarea class=\"elementor-field-textual elementor-field  elementor-size-sm\" name=\"form_fields[message]\" id=\"form-field-message\" rows=\"4\" placeholder=\"Message\"><\/textarea>\t\t\t\t<\/div>\n\t\t\t\t\t\t\t\t<div class=\"elementor-field-group elementor-column elementor-field-type-submit elementor-col-100 e-form__buttons\">\n\t\t\t\t\t<button class=\"elementor-button elementor-size-sm\" type=\"submit\">\n\t\t\t\t\t\t<span class=\"elementor-button-content-wrapper\">\n\t\t\t\t\t\t\t\t\t\t\t\t\t\t\t\t\t\t\t\t\t\t<span class=\"elementor-button-text\">ENVOYER<\/span>\n\t\t\t\t\t\t\t\t\t\t\t\t\t<\/span>\n\t\t\t\t\t<\/button>\n\t\t\t\t<\/div>\n\t\t\t<\/div>\n\t\t<\/form>\n\t\t\t\t\t\t<\/div>\n\t\t\t\t<\/div>\n\t\t\t\t\t<\/div>\n\t\t\t\t<\/div>\n\t\t\t\t<\/div>\n\t\t","protected":false},"excerpt":{"rendered":"<p>Contactez-nous pour une soumission gratuite. (514) 443-6403 INFO@NATURHAIE.CA Vous recherchez un service professionnel de taille de haies de c\u00e8dre sur la Rive-Sud de Montr\u00e9al, Mont\u00e9r\u00e9gie ? Chez Naturhaie, nous sommes sp\u00e9cialis\u00e9s dans la taille de haies de c\u00e8dre r\u00e9sidentiel et commercial. Que vous soyez \u00e0 Longueuil, Boucherville, Beloeil ou ailleurs sur la Rive-Sud, contactez-nous pour [&hellip;]<\/p>\n","protected":false},"author":2,"featured_media":0,"parent":0,"menu_order":3,"comment_status":"closed","ping_status":"closed","template":"elementor_header_footer","meta":{"footnotes":""},"class_list":["post-146","page","type-page","status-publish","hentry"],"yoast_head":"<!-- This site is optimized with the Yoast SEO plugin v27.4 - https:\/\/yoast.com\/product\/yoast-seo-wordpress\/ -->\n<title>CONTACT - NaturHaie<\/title>\n<meta name=\"robots\" content=\"index, follow, max-snippet:-1, max-image-preview:large, max-video-preview:-1\" \/>\n<link rel=\"canonical\" href=\"https:\/\/naturhaie.ca\/index.php\/contact\/\" \/>\n<meta property=\"og:locale\" content=\"fr_CA\" \/>\n<meta property=\"og:type\" content=\"article\" \/>\n<meta property=\"og:title\" content=\"CONTACT - NaturHaie\" \/>\n<meta property=\"og:description\" content=\"Contactez-nous pour une soumission gratuite. (514) 443-6403 INFO@NATURHAIE.CA Vous recherchez un service professionnel de taille de haies de c\u00e8dre sur la Rive-Sud de Montr\u00e9al, Mont\u00e9r\u00e9gie ? Chez Naturhaie, nous sommes sp\u00e9cialis\u00e9s dans la taille de haies de c\u00e8dre r\u00e9sidentiel et commercial. Que vous soyez \u00e0 Longueuil, Boucherville, Beloeil ou ailleurs sur la Rive-Sud, contactez-nous pour [&hellip;]\" \/>\n<meta property=\"og:url\" content=\"https:\/\/naturhaie.ca\/index.php\/contact\/\" \/>\n<meta property=\"og:site_name\" content=\"NaturHaie\" \/>\n<meta property=\"article:publisher\" content=\"https:\/\/www.facebook.com\/people\/NaturHaie\/100090259251218\/\" \/>\n<meta property=\"article:modified_time\" content=\"2025-05-18T12:56:41+00:00\" \/>\n<meta property=\"og:image\" content=\"https:\/\/naturhaie.ca\/wp-content\/uploads\/2024\/05\/naturhaie_accueil_banner-1024x567.jpg\" \/>\n\t<meta property=\"og:image:width\" content=\"1024\" \/>\n\t<meta property=\"og:image:height\" content=\"567\" \/>\n\t<meta property=\"og:image:type\" content=\"image\/jpeg\" \/>\n<meta name=\"twitter:card\" content=\"summary_large_image\" \/>\n<meta name=\"twitter:label1\" content=\"Estimation du temps de lecture\" \/>\n\t<meta name=\"twitter:data1\" content=\"1 minute\" \/>\n<script type=\"application\/ld+json\" class=\"yoast-schema-graph\">{\"@context\":\"https:\\\/\\\/schema.org\",\"@graph\":[{\"@type\":\"WebPage\",\"@id\":\"https:\\\/\\\/naturhaie.ca\\\/index.php\\\/contact\\\/\",\"url\":\"https:\\\/\\\/naturhaie.ca\\\/index.php\\\/contact\\\/\",\"name\":\"CONTACT - NaturHaie\",\"isPartOf\":{\"@id\":\"https:\\\/\\\/naturhaie.ca\\\/#website\"},\"datePublished\":\"2024-05-08T18:00:14+00:00\",\"dateModified\":\"2025-05-18T12:56:41+00:00\",\"breadcrumb\":{\"@id\":\"https:\\\/\\\/naturhaie.ca\\\/index.php\\\/contact\\\/#breadcrumb\"},\"inLanguage\":\"fr-CA\",\"potentialAction\":[{\"@type\":\"ReadAction\",\"target\":[\"https:\\\/\\\/naturhaie.ca\\\/index.php\\\/contact\\\/\"]}]},{\"@type\":\"BreadcrumbList\",\"@id\":\"https:\\\/\\\/naturhaie.ca\\\/index.php\\\/contact\\\/#breadcrumb\",\"itemListElement\":[{\"@type\":\"ListItem\",\"position\":1,\"name\":\"Accueil\",\"item\":\"https:\\\/\\\/naturhaie.ca\\\/\"},{\"@type\":\"ListItem\",\"position\":2,\"name\":\"CONTACT\"}]},{\"@type\":\"WebSite\",\"@id\":\"https:\\\/\\\/naturhaie.ca\\\/#website\",\"url\":\"https:\\\/\\\/naturhaie.ca\\\/\",\"name\":\"NaturHaie\",\"description\":\"Taille de haies, arbustes et arbres fruitiers\",\"publisher\":{\"@id\":\"https:\\\/\\\/naturhaie.ca\\\/#organization\"},\"alternateName\":\"NaturHaie\",\"potentialAction\":[{\"@type\":\"SearchAction\",\"target\":{\"@type\":\"EntryPoint\",\"urlTemplate\":\"https:\\\/\\\/naturhaie.ca\\\/?s={search_term_string}\"},\"query-input\":{\"@type\":\"PropertyValueSpecification\",\"valueRequired\":true,\"valueName\":\"search_term_string\"}}],\"inLanguage\":\"fr-CA\"},{\"@type\":\"Organization\",\"@id\":\"https:\\\/\\\/naturhaie.ca\\\/#organization\",\"name\":\"NaturHaie\",\"alternateName\":\"NaturHaie\",\"url\":\"https:\\\/\\\/naturhaie.ca\\\/\",\"logo\":{\"@type\":\"ImageObject\",\"inLanguage\":\"fr-CA\",\"@id\":\"https:\\\/\\\/naturhaie.ca\\\/#\\\/schema\\\/logo\\\/image\\\/\",\"url\":\"https:\\\/\\\/naturhaie.ca\\\/wp-content\\\/uploads\\\/2024\\\/05\\\/NaturHaie_Logo.jpg\",\"contentUrl\":\"https:\\\/\\\/naturhaie.ca\\\/wp-content\\\/uploads\\\/2024\\\/05\\\/NaturHaie_Logo.jpg\",\"width\":1200,\"height\":271,\"caption\":\"NaturHaie\"},\"image\":{\"@id\":\"https:\\\/\\\/naturhaie.ca\\\/#\\\/schema\\\/logo\\\/image\\\/\"},\"sameAs\":[\"https:\\\/\\\/www.facebook.com\\\/people\\\/NaturHaie\\\/100090259251218\\\/\"]}]}<\/script>\n<!-- \/ Yoast SEO plugin. -->","yoast_head_json":{"title":"CONTACT - NaturHaie","robots":{"index":"index","follow":"follow","max-snippet":"max-snippet:-1","max-image-preview":"max-image-preview:large","max-video-preview":"max-video-preview:-1"},"canonical":"https:\/\/naturhaie.ca\/index.php\/contact\/","og_locale":"fr_CA","og_type":"article","og_title":"CONTACT - NaturHaie","og_description":"Contactez-nous pour une soumission gratuite. (514) 443-6403 INFO@NATURHAIE.CA Vous recherchez un service professionnel de taille de haies de c\u00e8dre sur la Rive-Sud de Montr\u00e9al, Mont\u00e9r\u00e9gie ? Chez Naturhaie, nous sommes sp\u00e9cialis\u00e9s dans la taille de haies de c\u00e8dre r\u00e9sidentiel et commercial. Que vous soyez \u00e0 Longueuil, Boucherville, Beloeil ou ailleurs sur la Rive-Sud, contactez-nous pour [&hellip;]","og_url":"https:\/\/naturhaie.ca\/index.php\/contact\/","og_site_name":"NaturHaie","article_publisher":"https:\/\/www.facebook.com\/people\/NaturHaie\/100090259251218\/","article_modified_time":"2025-05-18T12:56:41+00:00","og_image":[{"width":1024,"height":567,"url":"https:\/\/naturhaie.ca\/wp-content\/uploads\/2024\/05\/naturhaie_accueil_banner-1024x567.jpg","type":"image\/jpeg"}],"twitter_card":"summary_large_image","twitter_misc":{"Estimation du temps de lecture":"1 minute"},"schema":{"@context":"https:\/\/schema.org","@graph":[{"@type":"WebPage","@id":"https:\/\/naturhaie.ca\/index.php\/contact\/","url":"https:\/\/naturhaie.ca\/index.php\/contact\/","name":"CONTACT - NaturHaie","isPartOf":{"@id":"https:\/\/naturhaie.ca\/#website"},"datePublished":"2024-05-08T18:00:14+00:00","dateModified":"2025-05-18T12:56:41+00:00","breadcrumb":{"@id":"https:\/\/naturhaie.ca\/index.php\/contact\/#breadcrumb"},"inLanguage":"fr-CA","potentialAction":[{"@type":"ReadAction","target":["https:\/\/naturhaie.ca\/index.php\/contact\/"]}]},{"@type":"BreadcrumbList","@id":"https:\/\/naturhaie.ca\/index.php\/contact\/#breadcrumb","itemListElement":[{"@type":"ListItem","position":1,"name":"Accueil","item":"https:\/\/naturhaie.ca\/"},{"@type":"ListItem","position":2,"name":"CONTACT"}]},{"@type":"WebSite","@id":"https:\/\/naturhaie.ca\/#website","url":"https:\/\/naturhaie.ca\/","name":"NaturHaie","description":"Taille de haies, arbustes et arbres fruitiers","publisher":{"@id":"https:\/\/naturhaie.ca\/#organization"},"alternateName":"NaturHaie","potentialAction":[{"@type":"SearchAction","target":{"@type":"EntryPoint","urlTemplate":"https:\/\/naturhaie.ca\/?s={search_term_string}"},"query-input":{"@type":"PropertyValueSpecification","valueRequired":true,"valueName":"search_term_string"}}],"inLanguage":"fr-CA"},{"@type":"Organization","@id":"https:\/\/naturhaie.ca\/#organization","name":"NaturHaie","alternateName":"NaturHaie","url":"https:\/\/naturhaie.ca\/","logo":{"@type":"ImageObject","inLanguage":"fr-CA","@id":"https:\/\/naturhaie.ca\/#\/schema\/logo\/image\/","url":"https:\/\/naturhaie.ca\/wp-content\/uploads\/2024\/05\/NaturHaie_Logo.jpg","contentUrl":"https:\/\/naturhaie.ca\/wp-content\/uploads\/2024\/05\/NaturHaie_Logo.jpg","width":1200,"height":271,"caption":"NaturHaie"},"image":{"@id":"https:\/\/naturhaie.ca\/#\/schema\/logo\/image\/"},"sameAs":["https:\/\/www.facebook.com\/people\/NaturHaie\/100090259251218\/"]}]}},"_links":{"self":[{"href":"https:\/\/naturhaie.ca\/index.php\/wp-json\/wp\/v2\/pages\/146","targetHints":{"allow":["GET"]}}],"collection":[{"href":"https:\/\/naturhaie.ca\/index.php\/wp-json\/wp\/v2\/pages"}],"about":[{"href":"https:\/\/naturhaie.ca\/index.php\/wp-json\/wp\/v2\/types\/page"}],"author":[{"embeddable":true,"href":"https:\/\/naturhaie.ca\/index.php\/wp-json\/wp\/v2\/users\/2"}],"replies":[{"embeddable":true,"href":"https:\/\/naturhaie.ca\/index.php\/wp-json\/wp\/v2\/comments?post=146"}],"version-history":[{"count":47,"href":"https:\/\/naturhaie.ca\/index.php\/wp-json\/wp\/v2\/pages\/146\/revisions"}],"predecessor-version":[{"id":536,"href":"https:\/\/naturhaie.ca\/index.php\/wp-json\/wp\/v2\/pages\/146\/revisions\/536"}],"wp:attachment":[{"href":"https:\/\/naturhaie.ca\/index.php\/wp-json\/wp\/v2\/media?parent=146"}],"curies":[{"name":"wp","href":"https:\/\/api.w.org\/{rel}","templated":true}]}}